 of 6046?
False
Is 33985 a multiple of 20?
False
Is 20 a factor of 37406?
False
Does 11 divide 6453?
False
Is 52 a factor of 2454?
False
Is 611 a multiple of 47?
True
Is 16 a factor of 1536?
True
Is 2856 a multiple of 24?
True
Does 14 divide 10317?
False
Is 16 a factor of 671?
False
Is 94 a factor of 10977?
False
Is 132 a factor of 3170?
False
Does 75 divide 41700?
True
Does 4 divide 5667?
False
Is 4 a factor of 256?
True
Is 1205 a multiple of 17?
False
Is 102 a factor of 9279?
False
Is 270 a multiple of 9?
True
Is 12 a factor of 3636?
True
Does 28 divide 1789?
False
Does 31 divide 622?
False
Does 65 divide 195?
True
Is 984 a multiple of 4?
True
Is 20 a factor of 31556?
False
Is 10 a factor of 351?
False
Does 3 divide 8213?
False
Is 16000 a multiple of 400?
True
Is 40 a factor of 922?
False
Is 86 a factor of 7912?
True
Is 30 a factor of 9031?
False
Does 37 divide 15540?
True
Is 21 a factor of 8264?
False
Is 86 a multiple of 43?
True
Is 3435 a multiple of 22?
False
Is 35 a factor of 4616?
False
Does 7 divide 539?
True
Is 22365 a multiple of 193?
False
Is 527 a multiple of 111?
False
Is 610 a multiple of 10?
True
Is 14 a factor of 3773?
False
Is 10 a multiple of 5?
True
Is 3332 a multiple of 68?
True
Is 14 a factor of 167?
False
Does 27 divide 3728?
False
Is 13 a factor of 2106?
True
Does 101 divide 5953?
False
Is 12 a factor of 2074?
False
Does 23 divide 17283?
False
Does 12 divide 732?
True
Is 14 a multiple of 14?
True
Does 11 divide 1243?
True
Does 18 divide 4336?
False
Is 4 a factor of 2059?
False
Is 64782 a multiple of 177?
True
Does 49 divide 7848?
False
Is 10 a factor of 650?
True
Is 73 a factor of 740?
False
Is 16 a factor of 1088?
True
Is 10485 a multiple of 9?
True
Is 15 a factor of 450?
True
Is 27 a factor of 20375?
False
Is 672 a multiple of 5?
False
Is 62 a factor of 2666?
True
Does 32 divide 59328?
True
Is 35 a factor of 1925?
True
Is 24 a factor of 24?
True
Is 15 a factor of 506?
False
Is 729 a multiple of 3?
True
Does 5 divide 2559?
False
Is 12475 a multiple of 38?
False
Does 235 divide 47842?
False
Is 1677 even?
False
Is 7080 a multiple of 30?
True
Does 14 divide 14?
True
Is 35 a factor of 589?
False
Is 29 a factor of 420?
False
Is 192 a multiple of 48?
True
Is 18 a factor of 6300?
True
Is 24 a factor of 168?
True
Is 7 a factor of 658?
True
Is 1988 a multiple of 30?
False
Does 71 divide 1105?
False
Does 27 divide 252?
False
Is 17516 a multiple of 302?
True
Is 77 a factor of 31724?
True
Does 13 divide 351?
True
Does 95 divide 39045?
True
Is 21 a factor of 806?
False
Does 5 divide 588?
False
Does 31 divide 86003?
False
Is 15 a factor of 4403?
False
Is 52 a factor of 4680?
True
Is 13608 a multiple of 72?
True
Is 6 a factor of 8254?
False
Is 149 a factor of 51890?
False
Is 31 a factor of 8031?
False
Does 5 divide 1065?
True
Does 62 divide 3534?
True
Is 19 a factor of 703?
True
Is 718 a multiple of 57?
False
Is 1776 a multiple of 111?
True
Does 27 divide 418?
False
Does 12 divide 2676?
True
Is 6 a factor of 3949?
False
Does 26 divide 306?
False
Does 38 divide 30552?
True
Does 312 divide 37440?
True
Is 360 a multiple of 72?
True
Is 101 a factor of 12238?
False
Is 5 a factor of 910?
True
Is 6462 a multiple of 9?
True
Does 97 divide 1164?
True
Is 150 a factor of 55500?
True
Does 4 divide 5024?
True
Is 418 a multiple of 22?
True
Is 20 a factor of 1160?
True
Is 2088 a multiple of 87?
True
Is 1728 a multiple of 20?
False
Is 407 a multiple of 22?
False
Is 11 a factor of 473?
True
Is 5220 a multiple of 42?
False
Does 2 divide 19843?
False
Is 25080 a multiple of 20?
True
Is 18009 a multiple of 150?
False
Is 48 a factor of 624?
True
Is 1387 a multiple of 8?
False
Is 1463 a multiple of 103?
False
Is 56 a factor of 84336?
True
Does 126 divide 14755?
False
Is 24035 a multiple of 15?
False
Does 11 divide 59?
False
Is 5 a factor of 2780?
True
Does 19 divide 7391?
True
Is 65 a factor of 69627?
False
Does 17 divide 11815?
True
Is 35003 a multiple of 74?
False
Does 45 divide 675?
True
Is 2 a factor of 704?
True
Is 2970 a multiple of 10?
True
Is 9774 a multiple of 18?
True
Is 274 a multiple of 7?
False
Is 13940 a multiple of 13?
False
Is 4260 a multiple of 10?
True
Is 72898 a multiple of 13?
False
Does 7 divide 114?
False
Is 14 a factor of 3975?
False
Is 45441 a multiple of 28?
False
Does 33 divide 3522?
False
Does 12 divide 108?
True
Does 204 divide 31053?
False
Does 28 divide 247?
False
Does 2 divide 5709?
False
Does 302 divide 5713?
False
Is 12 a factor of 36168?
True
Is 1820 a multiple of 260?
True
Does 13 divide 51792?
True
Is 23 a factor of 3577?
False
Is 14 a factor of 966?
True
Is 510 a multiple of 17?
True
Does 4 divide 4216?
True
Is 11160 a multiple of 18?
True
Is 75 a factor of 170?
False
Is 69 a factor of 138?
True
Is 6970 a multiple of 72?
False
Does 9 divide 9707?
False
Is 28 a factor of 908?
False
Is 38 a factor of 12144?
False
Is 61 a factor of 18361?
True
Does 60 divide 94500?
True
Is 2331 a multiple of 15?
False
Is 1210 a multiple of 11?
True
Is 169 a multiple of 25?
False
Does 11 divide 2691?
False
Is 244 a multiple of 5?
False
Does 4 divide 20?
True
Is 109 a factor of 2180?
True
Is 7 a factor of 1694?
True
Is 74 a factor of 148?
True
Is 11 a factor of 1353?
True
Does 24 divide 1080?
True
Is 6180 a multiple of 88?
False
Is 135 a multiple of 5?
True
Does 127 divide 2357?
False
Is 79 a multiple of 5?
False
Is 1183 a multiple of 13?
True
Does 86 divide 1978?
True
Does 56 divide 1848?
True
Is 5 a factor of 145?
True
Is 8179 a multiple of 14?
False
Is 19 a factor of 16645?
False
Does 42 divide 16589?
False
Is 4070 a multiple of 10?
True
Is 17 a factor of 64413?
True
Is 25 a factor of 3900?
True
Is 954 a multiple of 3?
True
Is 13 a factor of 6452?
False
Is 60 a factor of 1620?
True
Is 66 a factor of 1584?
True
Does 285 divide 71871?
False
Is 72 a factor of 285?
False
Does 14 divide 3514?
True
Does 16 divide 29?
False
Is 26554 a multiple of 97?
False
Does 19 divide 4769?
True
Does 11 divide 44198?
True
Is 1107 a multiple of 41?
True
Is 69 a factor of 432?
False
Is 1808 a multiple of 39?
False
Is 150 a factor of 1500?
True
Is 56 a multiple of 14?
True
Does 9 divide 4601?
False
Is 22 a factor of 6820?
True
Is 82309 a multiple of 119?
False
Does 126 divide 39995?
False
Is 102 a factor of 612?
True
Is 14654 a multiple of 17?
True
Is 20 a factor of 640?
True
Does 51 divide 51?
True
Does 155 divide 5859?
False
Is 5658 a multiple of 3?
True
Does 19 divide 42?
False
Is 61 a factor of 100?
False
Is 25 a factor of 9554?
False
Does 10 divide 241?
False
Does 30 divide 20580?
True
Is 29 a multiple of 4?
False
Is 47 a factor of 590?
False
Does 7 divide 225?
False
Is 3 a factor of 96?
True
Is 36 a factor of 366?
False
Is 888 a multiple of 21?
False
Does 57 divide 2983?
False
Is 1309 a multiple of 17?
True
Does 6 divide 114?
True
Does 38 divide 874?
True
Is 4 a factor of 26?
False
Does 108 divide 1944?
True
Does 63 divide 14868?
True
Is 13 a factor of 3926?
True
Is 31 a factor of 5762?
False
Is 8619 a multiple of 13?
True
Is 2548 a multiple of 14?
True
Is 18 a factor of 57906?
True
Does 12 divide 43476?
True
Is 44 a multiple of 11?
True
Is 548 a multiple of 32?
False
Is 17 a factor of 878?
False
Is 84 a multiple of 6?
True
Is 26730 a multiple of 45?
True
Is 1126 a multiple of 18?
False
Is 12 a factor of 1896?
True
Is 10642 a multiple of 34?
True
Is 48 a factor of 768?
True
Is 11 a factor of 726?
True
Does 40 divide 1320?
True
Is 127 a factor of 46119?
False
Does 181 divide 2485?
False
Is 78 a multiple of 50?
False
Is 7370 a multiple of 4?
False
Does 50 divide 431?
False
Does 6 divide 76?
False
Does 48 divide 1347?
False
Does 2 divide 6?
True
Is 19896 a multiple of 12?
True
Is 3330 a multiple of 2?
True
Does 6 divide 415?
False
Does 93 divide 6015?
False
Is 865 a multiple of 7?
False
Does 8 divide 624?
True
Does 11 divide 3718?
True
Is 21 a factor of 19523?
False
Is 36948 a multiple of 12?
True
Is 367 a multiple of 4?
False
Is 11 a factor of 273?
False
Is 1153 a multiple of 29?
False
Is 39 a factor of 14227?
False
Does 52 divide 2184?
True
Is 250 a factor of 4523?
False
Does 30 divide 1080?
True
Is 12 a factor of 300?
True
Does 34 divide 136?
True
Does 16 divide 75725?
False
Is 21 a factor of 1325?
False
Is 147 a factor of 9615?
False
Does 2 divide 113